False
Does 19 divide 460168?
False
Is 34 a factor of 1928119?
False
Is 61 a factor of 226826?
False
Is 51 a factor of 116535?
True
Is 25 a factor of 589700?
True
Does 390 divide 474630?
True
Does 67 divide 2382?
False
Does 5 divide 580800?
True
Is 57 a factor of 218372?
False
Is 368 a factor of 7537686?
False
Is 480956 a multiple of 28?
True
Does 16 divide 88736?
True
Does 131 divide 3003961?
True
Does 607 divide 483172?
True
Is 8 a factor of 300352?
True
Does 411 divide 16453974?
True
Is 11499680 a multiple of 656?
True
Is 44 a factor of 3319205?
False
Is 5306894 a multiple of 62?
False
Is 11 a factor of 97908?
False
Does 11 divide 47356?
False
Is 133 a multiple of 3?
False
Is 84 a factor of 3086?
False
Is 1070440 a multiple of 35?
True
Is 214 a factor of 107642?
True
Is 1070 a factor of 378780?
True
Is 22 a factor of 552486?
True
Does 23 divide 679581?
True
Does 111 divide 38461?
False
Is 1661450 a multiple of 5?
True
Is 1264788 a multiple of 28?
True
Is 7901772 a multiple of 668?
True
Is 9 a factor of 6609087?
True
Does 28 divide 2416652?
True
Is 164 a factor of 2298763?
False
Is 73 a factor of 1272244?
True
Is 2793630 a multiple of 12?
False
Does 6 divide 133810?
False
Is 151119 a multiple of 29?
True
Is 177 a factor of 50115?
False
Is 1308 a factor of 712860?
True
Is 28 a factor of 3341912?
True
Is 3466596 a multiple of 153?
False
Is 123299 a multiple of 121?
True
Is 24387044 a multiple of 374?
True
Does 28 divide 294448?
True
Is 5 a factor of 147254?
False
Does 17 divide 3825901?
True
Is 10 a factor of 65460?
True
Is 159 a factor of 1821055?
False
Is 71 a factor of 284?
True
Is 8 a factor of 4280?
True
Is 26 a factor of 996502?
True
Is 294300 a multiple of 91?
False
Is 88 a factor of 2222528?
True
Does 152 divide 54452?
False
Is 820232 a multiple of 28?
True
Is 93 a factor of 729957?
True
Is 493234 a multiple of 80?
False
Does 1033 divide 3901470?
False
Is 67 a factor of 3953?
True
Is 12 a factor of 321422?
False
Is 188 a factor of 279948?
False
Does 14 divide 16366?
True
Does 35 divide 57576?
False
Does 154 divide 1753906?
True
Is 163875 a multiple of 216?
False
Is 707751 a multiple of 238?
False
Does 11 divide 344718?
True
Does 10 divide 32840?
True
Is 273 a factor of 12077520?
True
Is 366989 a multiple of 9?
False
Is 75 a factor of 509760?
False
Is 21534993 a multiple of 53?
False
Is 64929 a multiple of 3?
True
Does 6 divide 43506?
True
Does 32 divide 1096416?
True
Does 39 divide 12246?
True
Is 554 a factor of 1334077?
False
Is 754368 a multiple of 96?
True
Is 18441 a multiple of 20?
False
Is 1383 a factor of 6215269?
False
Is 107590 a multiple of 7?
True
Does 10 divide 1939069?
False
Is 292 a factor of 221336?
True
Is 4327104 a multiple of 192?
True
Does 55 divide 171485?
False
Does 6 divide 42362?
False
Is 45766 a multiple of 324?
False
Is 120 a factor of 94019?
False
Does 101 divide 142713?
True
Is 511739 a multiple of 9?
False
Does 8 divide 1216?
True
Does 351 divide 7228845?
True
Is 12 a factor of 566571?
False
Does 57 divide 38884?
False
Is 12948 a multiple of 5?
False
Does 15 divide 216453?
False
Is 128497 a multiple of 438?
False
Is 329863 a multiple of 148?
False
Does 52 divide 5031278?
False
Does 261 divide 187136?
False
Is 202 a factor of 2823152?
True
Is 337888 a multiple of 178?
False
Is 4339070 a multiple of 78?
False
Is 34 a factor of 9720?
False
Is 117919 a multiple of 13?
False
Is 245 a factor of 625592?
False
Does 6 divide 1151011?
False
Is 571629 a multiple of 17?
False
Is 107 a factor of 6035516?
False
Does 42 divide 922488?
True
Is 1351794 a multiple of 543?
False
Is 3 a factor of 931?
False
Is 10 a factor of 1528614?
False
Does 10 divide 588050?
True
Does 16 divide 4890080?
True
Does 13 divide 532890?
False
Is 113 a factor of 21127?
False
Does 25 divide 1541535?
False
Does 73 divide 106872?
True
Is 425165 a multiple of 13?
True
Does 108 divide 287295?
False
Does 14 divide 15159729?
False
Does 118 divide 2450270?
True
Does 2 divide 29829?
False
Is 17 a factor of 59636?
True
Is 25900 a multiple of 140?
True
Is 25354510 a multiple of 629?
False
Is 24806268 a multiple of 18?
True
Is 17985 a multiple of 13?
False
Does 87 divide 3791895?
True
Does 153 divide 155576?
False
Is 11 a factor of 16595183?
True
Does 126 divide 36316?
False
Is 993408 a multiple of 199?
True
Is 48 a factor of 158016?
True
Does 17 divide 1960627?
True
Is 554913 a multiple of 50?
False
Is 87546 a multiple of 6?
True
Does 118 divide 40598?
False
Does 32 divide 2380320?
True
Does 5 divide 3709483?
False
Is 1099 a factor of 2274930?
True
Is 20488 a multiple of 240?
False
Does 12 divide 5636628?
True
Is 11 a factor of 194572?
False
Is 4809280 a multiple of 112?
True
Is 862551 a multiple of 239?
True
Is 3 a factor of 13026?
True
Is 1233905 a multiple of 13?
False
Is 19 a factor of 211812?
True
Is 105434 a multiple of 6?
False
Does 64 divide 6860992?
True
Does 326 divide 358926?
True
Does 16 divide 668064?
True
Is 218 a factor of 26160?
True
Does 23 divide 429288?
False
Is 83321 a multiple of 23?
False
Is 182328 a multiple of 284?
True
Is 22 a factor of 49940?
True
Does 30 divide 51090?
True
Is 64 a factor of 178368?
True
Is 2907198 a multiple of 378?
True
Is 10426026 a multiple of 1149?
True
Does 366 divide 549132?
False
Is 11 a factor of 286707?
False
Does 14 divide 3754883?
False
Is 316 a factor of 100172?
True
Is 19 a factor of 761984?
False
Is 18 a factor of 2305172?
False
Is 4259125 a multiple of 185?
False
Is 4295 a multiple of 4?
False
Is 7353180 a multiple of 356?
True
Does 10 divide 7100?
True
Is 103697 a multiple of 4?
False
Is 90 a factor of 153360?
True
Is 331 a factor of 11936702?
False
Is 31 a factor of 2054747?
False
Is 961 a factor of 148955?
True
Is 427 a factor of 806176?
True
Is 94012 a multiple of 19?
True
Is 277873 a multiple of 20?
False
Does 540 divide 235477?
False
Is 4748604 a multiple of 14?
True
Does 24 divide 2256?
True
Does 10 divide 174520?
True
Does 142 divide 825020?
True
Is 585 a factor of 10467555?
False
Is 126845 a multiple of 284?
False
Does 260 divide 320206?
False
Is 20 a factor of 71715?
False
Is 102151 a multiple of 114?
False
Does 10 divide 1070?
True
Is 137 a factor of 1776342?
True
Is 745958 a multiple of 37?
False
Is 87230 a multiple of 61?
True
Is 63 a factor of 107478?
True
Does 15 divide 4384230?
True
Does 298 divide 5481221?
False
Is 56 a factor of 353892?
False
Is 2714791 a multiple of 86?
False
Is 13 a factor of 3291743?
True
Is 12 a factor of 229596?
True
Does 201 divide 6247884?
True
Is 3 a factor of 736845?
True
Is 7905630 a multiple of 6?
True
Does 83 divide 3572320?
True
Does 17 divide 532032?
True
Is 134 a factor of 775324?
True
Does 39 divide 24726?
True
Is 9 a factor of 27666?
True
Is 148 a factor of 111296?
True
Does 47 divide 376?
True
Is 277 a factor of 3871422?
False
Is 53 a factor of 621756?
False
Is 342 a factor of 361836?
True
Does 15 divide 505440?
True
Is 71 a factor of 1292910?
True
Is 13 a factor of 958789?
True
Is 11 a factor of 2167396?
True
Does 332 divide 75943?
False
Does 15 divide 189329?
False
Is 1572144 a multiple of 14?
True
Does 6 divide 60996?
True
Does 1132 divide 1791956?
True
Is 120190 a multiple of 114?
False
Is 261 a factor of 15119?
False
Is 8288826 a multiple of 282?
True
Is 101 a factor of 926271?
True
Is 17 a factor of 162095?
True
Does 4 divide 125562?
False
Does 111 divide 5373300?
False
Does 24 divide 183312?
True
Is 6054794 a multiple of 58?
True
Does 302 divide 1101394?
True
Is 34 a factor of 14484?
True
Is 105 a factor of 9090690?
True
Is 2866018 a multiple of 262?
True
Is 24 a factor of 1526423?
False
Is 3 a factor of 518280?
True
Does 1546 divide 7813364?
False
Is 8680 a multiple of 620?
True
Does 68 divide 36840?
False
Does 218 divide 21729551?
False
Does 156 divide 1073014?
False
Does 6 divide 188652?
True
Does 124 divide 7783?
False
Is 7 a factor of 83741?
True
Does 244 divide 2379000?
True
Is 831 a factor of 1594689?
True
Is 9327 a multiple of 3?
True
Does 54 divide 44442?
True
Is 123973 a multiple of 55?
False
Does 24 divide 40368?
True
Does 15 divide 1425006?
False
Does 25 divide 29791?
False
Is 808050 a multiple of 10?
True
Does 46 divide 70209?
False
Does 64 divide 355008?
True
Is 2590729 a multiple of 14?
False
Is 568890 a multiple of 43?
Tru